{"id":796,"date":"2007-12-11T14:51:45","date_gmt":"2007-12-11T13:51:45","guid":{"rendered":"http:\/\/www.sub.uni-hamburg.de\/blog\/?page_id=796"},"modified":"2024-06-24T12:03:11","modified_gmt":"2024-06-24T10:03:11","slug":"spielregeln","status":"publish","type":"page","link":"https:\/\/blog.sub.uni-hamburg.de\/?page_id=796","title":{"rendered":"Spielregeln"},"content":{"rendered":"<ol>\n<li>In diesem Weblog kommunizieren wir aktuelle Informationen zur Benutzung, Ank\u00fcndigungen neuer Dienste, Veranstaltungshinweise und Neuerungen aus dem Bibliothekssystem Hamburg.<\/li>\n<li>Sie erhalten Einblicke hinter die Kulissen der Bibliotheksarbeit und Tipps zur Nutzung der Ressourcen der Bibliothek.<\/li>\n<li>Mit dem Weblog ermutigen wir Sie, in Dialog mit uns zu treten. Deswegen laden wir Sie zur Kommentierung der Beitr\u00e4ge ein.<\/li>\n<li>Grunds\u00e4tzlich k\u00f6nnen Sie alle Beitr\u00e4ge kommentieren.<\/li>\n<li>Unser <a href=\"https:\/\/blog.sub.uni-hamburg.de\/?page_id=355\">Redaktionsteam<\/a> moderiert die Kommentare und schaltet sie frei.<\/li>\n<li>Wann immer es uns sinnvoll erscheint, antworten wir auf Ihre Kommentare. Entweder direkt im Weblog oder per E-Mail.<\/li>\n<li>Bei manchen Kommentaren er\u00fcbrigt sich unserer Erfahrung nach eine Antwort.<\/li>\n<li>Wir behalten uns vor, Kommentare mit einschl\u00e4gig anst\u00f6\u00dfigen, gesetzeswidrigen sowie werblichen Inhalten nicht freizugeben. Kommentare, in denen Mitarbeiterinnen und Mitarbeiter des Bibliothekssystems der Universit\u00e4t namentlich angesprochen werden, behandeln wir wegen des notwendigen Schutzes unseres Personals gesondert.<\/li>\n<li>Wir nehmen gerne Anregungen f\u00fcr Weblog-Beitr\u00e4ge entgegen &#8211; entweder in den Kommentaren oder per <a href=\"mailto:pr@sub.uni-hamburg.de.\">Mail<\/a>. Unser Weblog-Redaktionsteam pr\u00fcft die Vorschl\u00e4ge und entscheidet \u00fcber die Umsetzung.<\/li>\n<li>Wir sind nicht so streng, wie uns diese Regeln erscheinen lassen.<\/li>\n<\/ol>\n","protected":false},"excerpt":{"rendered":"<p>In diesem Weblog kommunizieren wir aktuelle Informationen zur Benutzung, Ank\u00fcndigungen neuer Dienste, Veranstaltungshinweise und Neuerungen aus dem Bibliothekssystem Hamburg. Sie erhalten Einblicke hinter die Kulissen der Bibliotheksarbeit und Tipps zur Nutzung der Ressourcen der Bibliothek. Mit dem Weblog ermutigen wir Sie, in Dialog mit uns zu treten. Deswegen laden wir Sie zur Kommentierung der Beitr\u00e4ge [&hellip;]<\/p>\n","protected":false},"author":3,"featured_media":0,"parent":0,"menu_order":0,"comment_status":"closed","ping_status":"closed","template":"","meta":{"footnotes":""},"class_list":["post-796","page","type-page","status-publish","hentry"],"jetpack_shortlink":"https:\/\/wp.me\/P7hfNR-cQ","jetpack-related-posts":[{"id":136,"url":"https:\/\/blog.sub.uni-hamburg.de\/?page_id=136","url_meta":{"origin":796,"position":0},"title":"Impressum","author":"AC","date":"05-05-06","format":false,"excerpt":"Staats- und Universit\u00e4tsbibliothek Hamburg Carl von Ossietzky Von Melle Park 3 20146 Hamburg Telefon: +49 40 42838 - 2233 E-Mail: auskunft@sub.uni-hamburg.de Die Staatsbibliothek ist ein Landesbetrieb der Freien- und Hansestadt Hamburg. Er ist Teil der Beh\u00f6rde f\u00fcr Wissenschaft, Forschung und Gleichstellung und unterliegt deren Aufsicht. Der Landesbetrieb wird durch den\u2026","rel":"","context":"In &quot;Aktuelles&quot;","block_context":{"text":"Aktuelles","link":"https:\/\/blog.sub.uni-hamburg.de\/?cat=1"},"img":{"alt_text":"","src":"","width":0,"height":0},"classes":[]},{"id":355,"url":"https:\/\/blog.sub.uni-hamburg.de\/?page_id=355","url_meta":{"origin":796,"position":1},"title":"Wer schreibt hier?","author":"Markus Trapp","date":"30-11-06","format":false,"excerpt":"Im Weblog \"Neues aus Stabi und Fachbibliotheken\" schreiben diese Mitarbeiterinnen und Mitarbeiter: K\u00fcrzel Name Abteilung AKH Ann-Kristin Hohlfeld Redaktionssysteme AL Anne Liewert Handschriften und Spezialsammlungen BS Birgit Straubel Medienlieferdienste CD Carsten Duwe Zeitschriftenbearbeitung CHJ Claudius Herkt-Januschek Akquisition HS Heinke Schumacher Hamburg-Bibliographie IM Isabella Meinecke Hamburg University Press JWS Jens Wonke-Stehle\u2026","rel":"","context":"In &quot;Aktuelles&quot;","block_context":{"text":"Aktuelles","link":"https:\/\/blog.sub.uni-hamburg.de\/?cat=1"},"img":{"alt_text":"","src":"","width":0,"height":0},"classes":[]},{"id":205,"url":"https:\/\/blog.sub.uni-hamburg.de\/?page_id=205","url_meta":{"origin":796,"position":2},"title":"RSS &#8211; Was ist das?","author":"AC","date":"10-07-06","format":false,"excerpt":"Mit unserem RSS-Feed k\u00f6nnen Sie \u00fcber die Neuigkeiten aus Stabi und Fachbibliotheken auf dem Laufenden bleiben - auch ohne diese Website zu besuchen. RSS-Feeds sind auch sonst eine gute M\u00f6glichkeit, sich informieren zu lassen, wenn sich auf einer Website etwas \u00e4ndert. Wie das funktioniert? Sie haben die Wahl: Sie installieren\u2026","rel":"","context":"In &quot;Aktuelles&quot;","block_context":{"text":"Aktuelles","link":"https:\/\/blog.sub.uni-hamburg.de\/?cat=1"},"img":{"alt_text":"","src":"","width":0,"height":0},"classes":[]}],"jetpack_sharing_enabled":true,"_links":{"self":[{"href":"https:\/\/blog.sub.uni-hamburg.de\/index.php?rest_route=\/wp\/v2\/pages\/796","targetHints":{"allow":["GET"]}}],"collection":[{"href":"https:\/\/blog.sub.uni-hamburg.de\/index.php?rest_route=\/wp\/v2\/pages"}],"about":[{"href":"https:\/\/blog.sub.uni-hamburg.de\/index.php?rest_route=\/wp\/v2\/types\/page"}],"author":[{"embeddable":true,"href":"https:\/\/blog.sub.uni-hamburg.de\/index.php?rest_route=\/wp\/v2\/users\/3"}],"replies":[{"embeddable":true,"href":"https:\/\/blog.sub.uni-hamburg.de\/index.php?rest_route=%2Fwp%2Fv2%2Fcomments&post=796"}],"version-history":[{"count":1,"href":"https:\/\/blog.sub.uni-hamburg.de\/index.php?rest_route=\/wp\/v2\/pages\/796\/revisions"}],"predecessor-version":[{"id":38355,"href":"https:\/\/blog.sub.uni-hamburg.de\/index.php?rest_route=\/wp\/v2\/pages\/796\/revisions\/38355"}],"wp:attachment":[{"href":"https:\/\/blog.sub.uni-hamburg.de\/index.php?rest_route=%2Fwp%2Fv2%2Fmedia&parent=796"}],"curies":[{"name":"wp","href":"https:\/\/api.w.org\/{rel}","templated":true}]}}