{"id":205,"date":"2006-07-10T09:15:04","date_gmt":"2006-07-10T09:15:04","guid":{"rendered":"http:\/\/www.sub.uni-hamburg.de\/blog\/?page_id=205"},"modified":"2024-01-09T09:35:53","modified_gmt":"2024-01-09T08:35:53","slug":"rss-was-ist-das","status":"publish","type":"page","link":"https:\/\/blog.sub.uni-hamburg.de\/?page_id=205","title":{"rendered":"RSS &#8211; Was ist das?"},"content":{"rendered":"<p><a href=\"https:\/\/blog.sub.uni-hamburg.de\/?feed=rss2\"><img decoding=\"async\" border=\"0\" class=\"alignleft\" alt=\"Feed-Icon 2\" id=\"image357\" title=\"Feed-Icon 2\" src=\"https:\/\/blog.sub.uni-hamburg.de\/wp-content\/uploads\/2006\/11\/feedicon.jpg\" \/><\/a> Mit unserem RSS-Feed k\u00f6nnen Sie \u00fcber die Neuigkeiten aus Stabi und Fachbibliotheken auf dem Laufenden bleiben &#8211; auch ohne diese Website zu besuchen. RSS-Feeds sind auch sonst eine gute M\u00f6glichkeit, sich informieren zu lassen, wenn sich auf einer Website etwas \u00e4ndert.<\/p>\n<p>Wie das funktioniert? Sie haben die Wahl:<\/p>\n<ol>\n<li>Sie installieren einen so genannten RSS-Reader auf Ihrem Rechner &#8211; eine Software, mit der Sie nicht nur das <a href=\"https:\/\/blog.sub.uni-hamburg.de\/?feed=rss2\">Stabi-RSS-Feed<\/a>, sondern auch andere Feeds lesen k\u00f6nnen. Es gibt zahlreiche RSS-Reader f\u00fcr die unterschiedlichen Betriebssysteme &#8211; eine Auflistung finden Sie <a href=\"http:\/\/www.rss-verzeichnis.de\/rss-reader.php\">hier<\/a>.<\/li>\n<li>Sie richten sich bei einem Service wie <a href=\"http:\/\/www.bloglines.com\/\">Bloglines<\/a> oder <a href=\"http:\/\/reader.google.com\">Google Reader<\/a> einen Account ein und k\u00f6nnen die Feeds dann webbasiert lesen<\/li>\n<li>Sie benutzen Firefox als Browser? Dann k\u00f6nnen Sie auf einer Seite, auf der das RSS-Icon in der Adresszeile zu sehen ist, auf dieses klicken und ein so genanntes <a href=\"http:\/\/www.mozilla-europe.org\/de\/products\/firefox\/live-bookmarks\/\">dynamisches Lesezeichen<\/a> erstellen. Dann bekommen Sie die jeweils zehn aktuellesten Beitrags-\u00dcberschriften als Klappmen\u00fc angezeigt.<\/li>\n<\/ol>\n<p><strong>Update 1.06.2010, MJGT:<\/strong> Eine aktuelle \u00dcbersicht \u00fcber die verschiedenen M\u00f6glichkeiten Informationen per RSS zu abonnieren, finden Sie auf der Seite <a href=\"http:\/\/www.techfacts.net\/rss-was-genau-ist-das-eigentlich\/\">RSS \u2013 Was genau ist das eigentlich?<\/a> von Techfacts.<\/p>\n","protected":false},"excerpt":{"rendered":"<p>Mit unserem RSS-Feed k\u00f6nnen Sie \u00fcber die Neuigkeiten aus Stabi und Fachbibliotheken auf dem Laufenden bleiben &#8211; auch ohne diese Website zu besuchen. RSS-Feeds sind auch sonst eine gute M\u00f6glichkeit, sich informieren zu lassen, wenn sich auf einer Website etwas \u00e4ndert. Wie das funktioniert? Sie haben die Wahl: Sie installieren einen so genannten RSS-Reader auf [&hellip;]<\/p>\n","protected":false},"author":3,"featured_media":0,"parent":0,"menu_order":0,"comment_status":"open","ping_status":"open","template":"","meta":{"footnotes":""},"class_list":["post-205","page","type-page","status-publish","hentry"],"jetpack_shortlink":"https:\/\/wp.me\/P7hfNR-3j","jetpack-related-posts":[{"id":31249,"url":"https:\/\/blog.sub.uni-hamburg.de\/?page_id=31249","url_meta":{"origin":205,"position":0},"title":"Veranstaltungen in der Stabi Hamburg","author":"Markus Trapp","date":"26-01-26","format":false,"excerpt":"","rel":"","context":"\u00c4hnlicher Beitrag","block_context":{"text":"\u00c4hnlicher Beitrag","link":""},"img":{"alt_text":"","src":"","width":0,"height":0},"classes":[]},{"id":18280,"url":"https:\/\/blog.sub.uni-hamburg.de\/?page_id=18280","url_meta":{"origin":205,"position":1},"title":"Bluesky-Postings der Stabi","author":"Markus Trapp","date":"25-08-25","format":false,"excerpt":"","rel":"","context":"\u00c4hnlicher Beitrag","block_context":{"text":"\u00c4hnlicher Beitrag","link":""},"img":{"alt_text":"","src":"","width":0,"height":0},"classes":[]},{"id":355,"url":"https:\/\/blog.sub.uni-hamburg.de\/?page_id=355","url_meta":{"origin":205,"position":2},"title":"Wer schreibt hier?","author":"Markus Trapp","date":"30-11-06","format":false,"excerpt":"Im Weblog \"Neues aus Stabi und Fachbibliotheken\" schreiben diese Mitarbeiterinnen und Mitarbeiter: K\u00fcrzel Name Abteilung AKH Ann-Kristin Hohlfeld Redaktionssysteme AL Anne Liewert Handschriften und Spezialsammlungen BS Birgit Straubel Medienlieferdienste CD Carsten Duwe Zeitschriftenbearbeitung CHJ Claudius Herkt-Januschek Akquisition HS Heinke Schumacher Hamburg-Bibliographie IM Isabella Meinecke Hamburg University Press JWS Jens Wonke-Stehle\u2026","rel":"","context":"In &quot;Aktuelles&quot;","block_context":{"text":"Aktuelles","link":"https:\/\/blog.sub.uni-hamburg.de\/?cat=1"},"img":{"alt_text":"","src":"","width":0,"height":0},"classes":[]},{"id":136,"url":"https:\/\/blog.sub.uni-hamburg.de\/?page_id=136","url_meta":{"origin":205,"position":3},"title":"Impressum","author":"AC","date":"05-05-06","format":false,"excerpt":"Staats- und Universit\u00e4tsbibliothek Hamburg Carl von Ossietzky Von Melle Park 3 20146 Hamburg Telefon: +49 40 42838 - 2233 E-Mail: auskunft@sub.uni-hamburg.de Die Staatsbibliothek ist ein Landesbetrieb der Freien- und Hansestadt Hamburg. Er ist Teil der Beh\u00f6rde f\u00fcr Wissenschaft, Forschung und Gleichstellung und unterliegt deren Aufsicht. Der Landesbetrieb wird durch den\u2026","rel":"","context":"In &quot;Aktuelles&quot;","block_context":{"text":"Aktuelles","link":"https:\/\/blog.sub.uni-hamburg.de\/?cat=1"},"img":{"alt_text":"","src":"","width":0,"height":0},"classes":[]},{"id":796,"url":"https:\/\/blog.sub.uni-hamburg.de\/?page_id=796","url_meta":{"origin":205,"position":4},"title":"Spielregeln","author":"AC","date":"11-12-07","format":false,"excerpt":"In diesem Weblog kommunizieren wir aktuelle Informationen zur Benutzung, Ank\u00fcndigungen neuer Dienste, Veranstaltungshinweise und Neuerungen aus dem Bibliothekssystem Hamburg. Sie erhalten Einblicke hinter die Kulissen der Bibliotheksarbeit und Tipps zur Nutzung der Ressourcen der Bibliothek. Mit dem Weblog ermutigen wir Sie, in Dialog mit uns zu treten. Deswegen laden wir\u2026","rel":"","context":"In &quot;Aktuelles&quot;","block_context":{"text":"Aktuelles","link":"https:\/\/blog.sub.uni-hamburg.de\/?cat=1"},"img":{"alt_text":"","src":"","width":0,"height":0},"classes":[]}],"jetpack_sharing_enabled":true,"_links":{"self":[{"href":"https:\/\/blog.sub.uni-hamburg.de\/index.php?rest_route=\/wp\/v2\/pages\/205","targetHints":{"allow":["GET"]}}],"collection":[{"href":"https:\/\/blog.sub.uni-hamburg.de\/index.php?rest_route=\/wp\/v2\/pages"}],"about":[{"href":"https:\/\/blog.sub.uni-hamburg.de\/index.php?rest_route=\/wp\/v2\/types\/page"}],"author":[{"embeddable":true,"href":"https:\/\/blog.sub.uni-hamburg.de\/index.php?rest_route=\/wp\/v2\/users\/3"}],"replies":[{"embeddable":true,"href":"https:\/\/blog.sub.uni-hamburg.de\/index.php?rest_route=%2Fwp%2Fv2%2Fcomments&post=205"}],"version-history":[{"count":6,"href":"https:\/\/blog.sub.uni-hamburg.de\/index.php?rest_route=\/wp\/v2\/pages\/205\/revisions"}],"predecessor-version":[{"id":37381,"href":"https:\/\/blog.sub.uni-hamburg.de\/index.php?rest_route=\/wp\/v2\/pages\/205\/revisions\/37381"}],"wp:attachment":[{"href":"https:\/\/blog.sub.uni-hamburg.de\/index.php?rest_route=%2Fwp%2Fv2%2Fmedia&parent=205"}],"curies":[{"name":"wp","href":"https:\/\/api.w.org\/{rel}","templated":true}]}}