{"id":136,"date":"2006-05-05T12:33:42","date_gmt":"2006-05-05T12:33:42","guid":{"rendered":"http:\/\/www.sub.uni-hamburg.de\/blog\/?page_id=136"},"modified":"2024-06-04T12:34:20","modified_gmt":"2024-06-04T10:34:20","slug":"impressum","status":"publish","type":"page","link":"https:\/\/blog.sub.uni-hamburg.de\/?page_id=136","title":{"rendered":"Impressum"},"content":{"rendered":"<p><strong>Staats- und Universit\u00e4tsbibliothek Hamburg Carl von Ossietzky<\/strong><br \/>\nVon Melle Park 3<br \/>\n20146 Hamburg<br \/>\nTelefon: +49 40 42838 &#8211; 2233<br \/>\nE-Mail: <a href=\"mailto:auskunft@sub.uni-hamburg.de\">auskunft@sub.uni-hamburg.de<\/a><\/p>\n<p>Die Staatsbibliothek ist ein Landesbetrieb der Freien- und Hansestadt Hamburg. Er ist Teil der <a href=\"http:\/\/www.hamburg.de\/bwfg\/\">Beh\u00f6rde f\u00fcr Wissenschaft, Forschung und Gleichstellung<\/a> und unterliegt deren Aufsicht. Der Landesbetrieb wird durch den leitenden Direktor Herrn Prof. Robert Zepf gesetzlich vertreten.<br \/>\nVerantwortlicher gem\u00e4\u00df \u00a7 1 Abs. 4 Nr. 5 DDG: Prof. Robert Zepf<\/p>\n<p>Redaktion des Weblogs: <a href=\"mailto:pr@sub.uni-hamburg.de\">Markus Trapp<\/a><\/p>\n<p><strong>Haftungsausschluss<\/strong><br \/>\nTrotz unserer sorgf\u00e4ltigen Bem\u00fchungen k\u00f6nnen wir keine Gew\u00e4hr f\u00fcr die Richtigkeit, Vollst\u00e4ndigkeit und Aktualit\u00e4t unserer Webseiten geben. Weiter \u00fcbernehmen wir keine Haftung f\u00fcr die Inhalte externer Links. F\u00fcr den Inhalt der verlinkten Seiten sind ausschlie\u00dflich deren Betreiber verantwortlich.<\/p>\n","protected":false},"excerpt":{"rendered":"<p>Staats- und Universit\u00e4tsbibliothek Hamburg Carl von Ossietzky Von Melle Park 3 20146 Hamburg Telefon: +49 40 42838 &#8211; 2233 E-Mail: auskunft@sub.uni-hamburg.de Die Staatsbibliothek ist ein Landesbetrieb der Freien- und Hansestadt Hamburg. Er ist Teil der Beh\u00f6rde f\u00fcr Wissenschaft, Forschung und Gleichstellung und unterliegt deren Aufsicht. Der Landesbetrieb wird durch den leitenden Direktor Herrn Prof. Robert [&hellip;]<\/p>\n","protected":false},"author":3,"featured_media":0,"parent":0,"menu_order":0,"comment_status":"closed","ping_status":"closed","template":"","meta":{"footnotes":""},"class_list":["post-136","page","type-page","status-publish","hentry"],"jetpack_shortlink":"https:\/\/wp.me\/P7hfNR-2c","jetpack-related-posts":[{"id":796,"url":"https:\/\/blog.sub.uni-hamburg.de\/?page_id=796","url_meta":{"origin":136,"position":0},"title":"Spielregeln","author":"AC","date":"11-12-07","format":false,"excerpt":"In diesem Weblog kommunizieren wir aktuelle Informationen zur Benutzung, Ank\u00fcndigungen neuer Dienste, Veranstaltungshinweise und Neuerungen aus dem Bibliothekssystem Hamburg. Sie erhalten Einblicke hinter die Kulissen der Bibliotheksarbeit und Tipps zur Nutzung der Ressourcen der Bibliothek. Mit dem Weblog ermutigen wir Sie, in Dialog mit uns zu treten. Deswegen laden wir\u2026","rel":"","context":"In &quot;Aktuelles&quot;","block_context":{"text":"Aktuelles","link":"https:\/\/blog.sub.uni-hamburg.de\/?cat=1"},"img":{"alt_text":"","src":"","width":0,"height":0},"classes":[]},{"id":205,"url":"https:\/\/blog.sub.uni-hamburg.de\/?page_id=205","url_meta":{"origin":136,"position":1},"title":"RSS &#8211; Was ist das?","author":"AC","date":"10-07-06","format":false,"excerpt":"Mit unserem RSS-Feed k\u00f6nnen Sie \u00fcber die Neuigkeiten aus Stabi und Fachbibliotheken auf dem Laufenden bleiben - auch ohne diese Website zu besuchen. RSS-Feeds sind auch sonst eine gute M\u00f6glichkeit, sich informieren zu lassen, wenn sich auf einer Website etwas \u00e4ndert. Wie das funktioniert? Sie haben die Wahl: Sie installieren\u2026","rel":"","context":"In &quot;Aktuelles&quot;","block_context":{"text":"Aktuelles","link":"https:\/\/blog.sub.uni-hamburg.de\/?cat=1"},"img":{"alt_text":"","src":"","width":0,"height":0},"classes":[]},{"id":355,"url":"https:\/\/blog.sub.uni-hamburg.de\/?page_id=355","url_meta":{"origin":136,"position":2},"title":"Wer schreibt hier?","author":"Markus Trapp","date":"30-11-06","format":false,"excerpt":"Im Weblog \"Neues aus Stabi und Fachbibliotheken\" schreiben diese Mitarbeiterinnen und Mitarbeiter: K\u00fcrzel Name Abteilung AKH Ann-Kristin Hohlfeld Redaktionssysteme AL Anne Liewert Handschriften und Spezialsammlungen BS Birgit Straubel Medienlieferdienste CD Carsten Duwe Zeitschriftenbearbeitung CHJ Claudius Herkt-Januschek Akquisition HS Heinke Schumacher Hamburg-Bibliographie IM Isabella Meinecke Hamburg University Press JWS Jens Wonke-Stehle\u2026","rel":"","context":"In &quot;Aktuelles&quot;","block_context":{"text":"Aktuelles","link":"https:\/\/blog.sub.uni-hamburg.de\/?cat=1"},"img":{"alt_text":"","src":"","width":0,"height":0},"classes":[]},{"id":31249,"url":"https:\/\/blog.sub.uni-hamburg.de\/?page_id=31249","url_meta":{"origin":136,"position":3},"title":"Veranstaltungen in der Stabi Hamburg","author":"Markus Trapp","date":"26-01-26","format":false,"excerpt":"","rel":"","context":"\u00c4hnlicher Beitrag","block_context":{"text":"\u00c4hnlicher Beitrag","link":""},"img":{"alt_text":"","src":"","width":0,"height":0},"classes":[]},{"id":18280,"url":"https:\/\/blog.sub.uni-hamburg.de\/?page_id=18280","url_meta":{"origin":136,"position":4},"title":"Bluesky-Postings der Stabi","author":"Markus Trapp","date":"25-08-25","format":false,"excerpt":"","rel":"","context":"\u00c4hnlicher Beitrag","block_context":{"text":"\u00c4hnlicher Beitrag","link":""},"img":{"alt_text":"","src":"","width":0,"height":0},"classes":[]}],"jetpack_sharing_enabled":true,"_links":{"self":[{"href":"https:\/\/blog.sub.uni-hamburg.de\/index.php?rest_route=\/wp\/v2\/pages\/136","targetHints":{"allow":["GET"]}}],"collection":[{"href":"https:\/\/blog.sub.uni-hamburg.de\/index.php?rest_route=\/wp\/v2\/pages"}],"about":[{"href":"https:\/\/blog.sub.uni-hamburg.de\/index.php?rest_route=\/wp\/v2\/types\/page"}],"author":[{"embeddable":true,"href":"https:\/\/blog.sub.uni-hamburg.de\/index.php?rest_route=\/wp\/v2\/users\/3"}],"replies":[{"embeddable":true,"href":"https:\/\/blog.sub.uni-hamburg.de\/index.php?rest_route=%2Fwp%2Fv2%2Fcomments&post=136"}],"version-history":[{"count":14,"href":"https:\/\/blog.sub.uni-hamburg.de\/index.php?rest_route=\/wp\/v2\/pages\/136\/revisions"}],"predecessor-version":[{"id":38238,"href":"https:\/\/blog.sub.uni-hamburg.de\/index.php?rest_route=\/wp\/v2\/pages\/136\/revisions\/38238"}],"wp:attachment":[{"href":"https:\/\/blog.sub.uni-hamburg.de\/index.php?rest_route=%2Fwp%2Fv2%2Fmedia&parent=136"}],"curies":[{"name":"wp","href":"https:\/\/api.w.org\/{rel}","templated":true}]}}